inder when 304195 is divided by 60113.
3630
Calculate the remainder when 56414 is divided by 9286.
698
Calculate the remainder when 14329 is divided by 6294.
1741
What is the remainder when 817113 is divided by 203482?
3185
What is the remainder when 88840 is divided by 1929?
106
Calculate the remainder when 19172534 is divided by 1827.
1823
Calculate the remainder when 1582700589 is divided by 8718.
8715
What is the remainder when 27439073 is divided by 774?
773
Calculate the remainder when 28102 is divided by 1332.
130
What is the remainder when 8699336 is divided by 1482?
1478
Calculate the remainder when 5909104 is divided by 4453.
4426
What is the remainder when 1318011 is divided by 972?
951
What is the remainder when 833776 is divided by 833681?
95
Calculate the remainder when 23672 is divided by 3327.
383
Calculate the remainder when 9444359 is divided by 17.
9
Calculate the remainder when 98694627 is divided by 1082.
1079
What is the remainder when 41011356 is divided by 1367?
1356
Calculate the remainder when 229300 is divided by 45857.
15
Calculate the remainder when 11693545 is divided by 974452.
121
What is the remainder when 4794655 is divided by 552?
535
What is the remainder when 120524 is divided by 2683?
2472
Calculate the remainder when 2163623 is divided by 721145.
188
What is the remainder when 357747 is divided by 186?
69
What is the remainder when 1020887 is divided by 100?
87
What is the remainder when 49759512 is divided by 602?
600
What is the remainder when 7780 is divided by 4245?
3535
Calculate the remainder when 5638 is divided by 453.
202
What is the remainder when 355476 is divided by 2884?
744
Calculate the remainder when 8150016 is divided by 37.
26
Calculate the remainder when 699200 is divided by 1223.
867
What is the remainder when 916875 is divided by 305565?
180
What is the remainder when 25097207 is divided by 13223?
13176
Calculate the remainder when 23967633 is divided by 80699.
30
Calculate the remainder when 3391230 is divided by 2975.
2705
Calculate the remainder when 423979 is divided by 423744.
235
What is the remainder when 44887666 is divided by 88015?
16
What is the remainder when 85405743 is divided by 3163175?
18
What is the remainder when 143506 is divided by 11907?
622
What is the remainder when 91369633 is divided by 1359?
1345
What is the remainder when 6809492 is divided by 339?
338
Calculate the remainder when 20119724 is divided by 1025.
1024
Calculate the remainder when 378425 is divided by 5733.
47
Calculate the remainder when 890588619 is divided by 2839.
2836
Calculate the remainder when 19343940 is divided by 4452.
0
Calculate the remainder when 26489 is divided by 1628.
441
Calculate the remainder when 2173430 is divided by 1780.
50
What is the remainder when 100532 is divided by 2665?
1927
Calculate the remainder when 114866455 is divided by 11064.
7
What is the remainder when 768241 is divided by 5819?
133
What is the remainder when 2945796 is divided by 79616?
4
What is the remainder when 6759351 is divided by 581?
578
Calculate the remainder when 967674 is divided by 967572.
102
What is the remainder when 1177130 is divided by 107011?
9
What is the remainder when 137900432 is divided by 121?
120
What is the remainder when 283808161 is divided by 653?
648
Calculate the remainder when 49100742 is divided by 219.
66
What is the remainder when 30128 is divided by 6023?
13
What is the remainder when 1084989 is divided by 788?
701
Calculate the remainder when 18536618 is divided by 4634110.
178
Calculate the remainder when 6593379 is divided by 5356.
143
What is the remainder when 32045542 is divided by 2899?
2895
Calculate the remainder when 30484 is divided by 7356.
1060
Calculate the remainder when 1408634 is divided by 1408618.
16
Calculate the remainder when 10763203 is divided by 56.
3
Calculate the remainder when 26952 is divided by 2281.
1861
What is the remainder when 23076505 is divided by 3506?
13
What is the remainder when 4158568 is divided by 143393?
171
What is the remainder when 299483 is divided by 8089?
190
What is the remainder when 4053786 is divided by 56?
2
What is the remainder when 110424 is divided by 713?
622
Calculate the remainder when 45402034 is divided by 2837625.
34
Calculate the remainder when 133433 is divided by 131372.
2061
What is the remainder when 266525038 is divided by 12017?
12012
What is the remainder when 12571 is divided by 279?
16
Calculate the remainder when 331966 is divided by 12294.
28
Calculate the remainder when 116668367 is divided by 327.
326
What is the remainder when 3771287 is divided by 404?
351
Calculate the remainder when 159046075 is divided by 13.
6
Calculate the remainder when 88678523 is divided by 92.
91
Calculate the remainder when 15108748 is divided by 51.
49
Calculate the remainder when 13155827 is divided by 7.
6
What is the remainder when 3533281 is divided by 16588?
37
Calculate the remainder when 3691606602 is divided by 31.
29
What is the remainder when 518644 is divided by 172817?
193
Calculate the remainder when 30738 is divided by 769.
747
Calculate the remainder when 13622 is divided by 563.
110
What is the remainder when 481852 is divided by 3418?
3332
Calculate the remainder when 23174734 is divided by 351132.
22
What is the remainder when 13489 is divided by 12876?
613
Calculate the remainder when 1555967 is divided by 88.
39
Calculate the remainder when 3557459 is divided by 237163.
14
Calculate the remainder when 849830 is divided by 1414.
16
Calculate the remainder when 137239 is divided by 3827.
3294
Calculate the remainder when 51328 is divided by 6638.
4862
Calculate the remainder when 2072688 is divided by 345418.
180
Calculate the remainder when 1183630 is divided by 73976.
14
Calculate the remainder when 28400402 is divided by 284004.
2
Calculate the remainder when 1712884 is divided by 119.
117
What is the remainder when 417719 is divided by 16024?
1095
Calculate the remainder when 472373 is divided by 1467.
1466
What is the remainder when 1183062 is divided by 365?
97
What is the remainder when 84021 is divided by 885?
831
What is the remainder when 55754 is divided by 18548?
110
Calculate the remainder when 1212791 is divided by 783.
707
What is the remainder when 310887520 is divided by 23?
16
Calculate the remainder when 1978915 is divided by 262.
29
What is the remainder when 3252461 is divided by 991?
990
Calculate the remainder when 6431177 is divided by 28.
25
What is the remainder when 519105 is divided by 12974?
145
Calculate the remainder when 18991919 is divided by 2878.
2875
What is the remainder when 343598 is divided by 173?
20
What is the remainder when 81714035 is divided by 204?
203
What is the remainder when 26537794 is divided by 12?
10
Calculate the remainder when 63899077 is divided by 297205.
2
Calculate the remainder when 157952242 is divided by 16.
2
Calculate the remainder when 56103844 is divided by 360.
4
What is the remainder when 32419933 is divided by 1182?
37
What is the remainder when 1007833 is divided by 13437?
58
Calculate the remainder when 669334 is divided by 167328.
22
What is the remainder when 3056922 is divided by 24455?
47
Calculate the remainder when 379980 is divided by 13523.
1336
Calculate the remainder when 7646 is divided by 4297.
3349
Calculate the remainder when 142526 is divided by 3396.
3290
Calculate the remainder when 203868 is divided by 39.
15
Calculate the remainder when 1114871 is divided by 29.
24
What is the remainder when 55622669 is divided by 19?
17
Calculate the remainder when 11003358 is divided by 2750816.
94
What is the remainder when 232253998 is divided by 5060?
5058
Calculate the remainder when 30408 is divided by 275.
158
What is the remainder when 6332883 is divided by 4758?
4743
What is the remainder when 4778496 is divided by 17?
0
What is the remainder when 18612 is divided by 3393?
1647
Calculate the remainder when 81752739 is divided by 6288672.
3
What is the remainder when 9056468 is divided by 4162?
4118
Calculate the remainder when 7357867 is divided by 586.
51
What is the remainder when 857956 is divided by 3448?
2852
What is the remainder when 3682865 is divided by 7096?
41
What is the remainder when 1230